{"id":5043,"date":"2026-02-27T14:00:52","date_gmt":"2026-02-27T13:00:52","guid":{"rendered":"https:\/\/www.turismehostalric.cat\/destacats\/xxviii-fira-medieval-dhostalric\/"},"modified":"2026-03-02T13:43:06","modified_gmt":"2026-03-02T12:43:06","slug":"xxviii-fira-medieval-dhostalric","status":"publish","type":"destacats","link":"https:\/\/www.turismehostalric.cat\/fr\/destacats\/xxviii-fira-medieval-dhostalric\/","title":{"rendered":"XIX Fira Medieval d&rsquo;Hostalric"},"excerpt":{"rendered":"<p>Du 3 au 5 avril, revivez l&rsquo;\u00e9poque m\u00e9di\u00e9vale en visitant Hostalric, la capitale du Vicomt\u00e9 de Cabrera !<\/p>\n","protected":false},"featured_media":7285,"template":"","class_list":["post-5043","destacats","type-destacats","status-publish","has-post-thumbnail","hentry"],"acf":[],"_links":{"self":[{"href":"https:\/\/www.turismehostalric.cat\/fr\/wp-json\/wp\/v2\/destacats\/5043","targetHints":{"allow":["GET"]}}],"collection":[{"href":"https:\/\/www.turismehostalric.cat\/fr\/wp-json\/wp\/v2\/destacats"}],"about":[{"href":"https:\/\/www.turismehostalric.cat\/fr\/wp-json\/wp\/v2\/types\/destacats"}],"wp:featuredmedia":[{"embeddable":true,"href":"https:\/\/www.turismehostalric.cat\/fr\/wp-json\/wp\/v2\/media\/7285"}],"wp:attachment":[{"href":"https:\/\/www.turismehostalric.cat\/fr\/wp-json\/wp\/v2\/media?parent=5043"}],"curies":[{"name":"wp","href":"https:\/\/api.w.org\/{rel}","templated":true}]}}

<p>Du 3 au 5 avril, revivez l&rsquo;époque médiévale en visitant Hostalric, la capitale du Vicomté de Cabrera !</p>
