{"id":5878,"date":"2025-09-05T09:46:15","date_gmt":"2025-09-05T07:46:15","guid":{"rendered":"https:\/\/www.turismehostalric.cat\/?page_id=5878"},"modified":"2025-12-07T09:37:57","modified_gmt":"2025-12-07T08:37:57","slug":"preso","status":"publish","type":"page","link":"https:\/\/www.turismehostalric.cat\/ca\/preso\/","title":{"rendered":"Pres\u00f3"},"content":{"rendered":"\n<p>Un dels c\u00e0stigs per alguna falta a la disciplina militar era la reclusi\u00f3. Aquest espai on us trobeu va ser durant d\u00e8cades la pres\u00f3 de la fortalesa d\u2019Hostalric. La reclusi\u00f3 era nom\u00e9s una de les maneres de reprendre al soldat. Cap al 1800, els c\u00e0stigs corporals eren comuns a molts ex\u00e8rcits i ho van seguir sent durant el segle XIX.<\/p>\n\n\n\n<p>N\u2019\u00e9s una mostra el reglament disciplinari espa\u00f1ol:<\/p>\n\n\n\n<p><em>\u201cP. El que en dicho parage roba el valor de 50 hasta 200 reales vellon?<\/em><\/p>\n\n\n\n<p><em>R. Sufrir\u00e1 la pena de 10 a\u00f1os de presidio, y 6 carreras de Baquetas por 200 hombres.\u201d <\/em>(Prontuario, p\u00e0g.59)<\/p>\n\n\n<div class=\"wp-block-image\">\n<figure class=\"aligncenter size-full is-resized\"><img fetchpriority=\"high\" decoding=\"async\" width=\"886\" height=\"529\" src=\"https:\/\/www.turismehostalric.cat\/wp-content\/uploads\/2025\/12\/image-2.png\" alt=\"\" class=\"wp-image-6949\" style=\"aspect-ratio:1.67487815684537;width:511px;height:auto\" srcset=\"https:\/\/www.turismehostalric.cat\/wp-content\/uploads\/2025\/12\/image-2.png 886w, https:\/\/www.turismehostalric.cat\/wp-content\/uploads\/2025\/12\/image-2-300x179.png 300w, https:\/\/www.turismehostalric.cat\/wp-content\/uploads\/2025\/12\/image-2-768x459.png 768w\" sizes=\"(max-width: 886px) 100vw, 886px\" \/><\/figure>\n<\/div>\n\n\n<p>Les &#8220;carreres de baquetes&#8221; consistien en passar corrents entre dues fileres de soldats que, amb les baquetes del fusell, fuetejaven el condemnat.<\/p>\n\n\n\n<p>Els c\u00e0stigs corporals no existien a l\u2019ex\u00e8rcit franc\u00e8s. Els condemnats eren empresonats o havien de fer treballs for\u00e7ats. Els calabossos estaven regulats, havent-hi espais separats per oficials, sots-oficials i tropa. Tamb\u00e9 les condicions de vida dels arrestats estaven reglamentades.<\/p>\n\n\n\n<p>Els presoners eren en primer lloc soldats de la guarnici\u00f3. Per\u00f2 en temps de guerra tamb\u00e9 es va utilitzar per empresonar enemics, com va ser el cas de la Segona Guerra Carlina, en la que el 1848 hi va ser recl\u00f2s i afusellat el cabdill carl\u00ed Miquel Pujol.<\/p>\n\n\n\n<p>Tot i que era b\u00e0sicament d\u2019\u00fas militar \u2014ja que l\u2019ajuntament disposava de la seva pr\u00f2pia pres\u00f3\u2014, amb el temps l\u2019ex\u00e8rcit tamb\u00e9 va assumir funcions d\u2019ordre p\u00fablic i no es pot descartar que l\u2019espai fos utilitzat per a civils.<\/p>\n\n\n\n<p>A comen\u00e7aments del segle XX, la fortalesa disposava d\u2019una guarnici\u00f3 tan redu\u00efda que els ciutadans d\u2019Hostalric van finan\u00e7ar la construcci\u00f3 de la caserna de la Gu\u00e0rdia Civil, que va passar a fer-se c\u00e0rrec de l\u2019ordre p\u00fablic.<\/p>\n\n\n\n<p>De gran inter\u00e8s testimonial \u00e9s el grafit a llapis que es conserva al brancal dret de la porta:<\/p>\n\n\n<div class=\"wp-block-image\">\n<figure class=\"aligncenter size-full\"><img decoding=\"async\" width=\"291\" height=\"330\" src=\"https:\/\/www.turismehostalric.cat\/wp-content\/uploads\/2025\/12\/image-18.jpeg\" alt=\"\" class=\"wp-image-6940\" srcset=\"https:\/\/www.turismehostalric.cat\/wp-content\/uploads\/2025\/12\/image-18.jpeg 291w, https:\/\/www.turismehostalric.cat\/wp-content\/uploads\/2025\/12\/image-18-265x300.jpeg 265w\" sizes=\"(max-width: 291px) 100vw, 291px\" \/><\/figure>\n<\/div>","protected":false},"excerpt":{"rendered":"<p>Un dels c\u00e0stigs per alguna falta a la disciplina militar era la reclusi\u00f3. Aquest espai on us trobeu va ser durant d\u00e8cades la pres\u00f3 de la fortalesa d\u2019Hostalric. La reclusi\u00f3 era nom\u00e9s una de les maneres de reprendre al soldat. Cap al 1800, els c\u00e0stigs corporals eren comuns a molts ex\u00e8rcits i ho van seguir sent durant el segle XIX. N\u2019\u00e9s una mostra el reglament disciplinari espa\u00f1ol: \u201cP. El que en dicho parage roba el valor de 50 hasta 200 reales vellon? R. Sufrir\u00e1 la pena de 10 a\u00f1os de presidio, y 6 carreras de Baquetas por 200 hombres.\u201d (Prontuario, p\u00e0g.59) Les &#8220;carreres de baquetes&#8221; consistien en passar corrents entre dues fileres de soldats que, amb les baquetes del fusell, fuetejaven el condemnat. Els c\u00e0stigs corporals no existien a l\u2019ex\u00e8rcit franc\u00e8s. Els condemnats eren empresonats o havien de fer treballs for\u00e7ats. Els calabossos estaven regulats, havent-hi espais separats per oficials, sots-oficials i tropa. Tamb\u00e9 les condicions de vida dels arrestats estaven reglamentades. Els presoners eren en primer lloc soldats de la guarnici\u00f3. Per\u00f2 en temps de guerra tamb\u00e9 es va utilitzar per empresonar enemics, com va ser el cas de la Segona Guerra Carlina, en la que el 1848 hi va ser recl\u00f2s i afusellat el cabdill carl\u00ed Miquel Pujol. Tot i que era b\u00e0sicament d\u2019\u00fas militar \u2014ja que l\u2019ajuntament disposava de la seva pr\u00f2pia pres\u00f3\u2014, amb el temps l\u2019ex\u00e8rcit tamb\u00e9 va assumir funcions d\u2019ordre p\u00fablic i no es pot descartar que l\u2019espai fos utilitzat per a civils. A comen\u00e7aments del segle XX, la fortalesa disposava d\u2019una guarnici\u00f3 tan redu\u00efda que els ciutadans d\u2019Hostalric van finan\u00e7ar la construcci\u00f3 de la caserna de la Gu\u00e0rdia Civil, que va passar a fer-se c\u00e0rrec de l\u2019ordre p\u00fablic. De gran inter\u00e8s testimonial \u00e9s el grafit a llapis que es conserva al brancal dret de la porta:<\/p>\n","protected":false},"author":2,"featured_media":5900,"parent":0,"menu_order":0,"comment_status":"closed","ping_status":"closed","template":"","meta":{"_acf_changed":false,"footnotes":""},"class_list":["post-5878","page","type-page","status-publish","has-post-thumbnail"],"acf":[],"_links":{"self":[{"href":"https:\/\/www.turismehostalric.cat\/ca\/wp-json\/wp\/v2\/pages\/5878","targetHints":{"allow":["GET"]}}],"collection":[{"href":"https:\/\/www.turismehostalric.cat\/ca\/wp-json\/wp\/v2\/pages"}],"about":[{"href":"https:\/\/www.turismehostalric.cat\/ca\/wp-json\/wp\/v2\/types\/page"}],"author":[{"embeddable":true,"href":"https:\/\/www.turismehostalric.cat\/ca\/wp-json\/wp\/v2\/users\/2"}],"replies":[{"embeddable":true,"href":"https:\/\/www.turismehostalric.cat\/ca\/wp-json\/wp\/v2\/comments?post=5878"}],"version-history":[{"count":5,"href":"https:\/\/www.turismehostalric.cat\/ca\/wp-json\/wp\/v2\/pages\/5878\/revisions"}],"predecessor-version":[{"id":6953,"href":"https:\/\/www.turismehostalric.cat\/ca\/wp-json\/wp\/v2\/pages\/5878\/revisions\/6953"}],"wp:featuredmedia":[{"embeddable":true,"href":"https:\/\/www.turismehostalric.cat\/ca\/wp-json\/wp\/v2\/media\/5900"}],"wp:attachment":[{"href":"https:\/\/www.turismehostalric.cat\/ca\/wp-json\/wp\/v2\/media?parent=5878"}],"curies":[{"name":"wp","href":"https:\/\/api.w.org\/{rel}","templated":true}]}}

Presó

<p>Un dels càstigs per alguna falta a la disciplina militar era la reclusió. Aquest espai on us trobeu va ser durant dècades la presó de la fortalesa d’Hostalric. La reclusió era només una de les maneres de reprendre al soldat. Cap al 1800, els càstigs corporals eren comuns a molts exèrcits i ho van seguir sent durant el segle XIX.</p>



<p>N’és una mostra el reglament disciplinari español:</p>



<p><em>“P. El que en dicho parage roba el valor de 50 hasta 200 reales vellon?</em></p>



<p><em>R. Sufrirá la pena de 10 años de presidio, y 6 carreras de Baquetas por 200 hombres.” </em>(Prontuario, pàg.59)</p>


<div class="wp-block-image">
<figure class="aligncenter size-full is-resized"><img fetchpriority="high" decoding="async" width="886" height="529" src="https://www.turismehostalric.cat/wp-content/uploads/2025/12/image-2.png" alt="" class="wp-image-6949" style="aspect-ratio:1.67487815684537;width:511px;height:auto" srcset="https://www.turismehostalric.cat/wp-content/uploads/2025/12/image-2.png 886w, https://www.turismehostalric.cat/wp-content/uploads/2025/12/image-2-300x179.png 300w, https://www.turismehostalric.cat/wp-content/uploads/2025/12/image-2-768x459.png 768w" sizes="(max-width: 886px) 100vw, 886px" /></figure>
</div>


<p>Les &#8220;carreres de baquetes&#8221; consistien en passar corrents entre dues fileres de soldats que, amb les baquetes del fusell, fuetejaven el condemnat.</p>



<p>Els càstigs corporals no existien a l’exèrcit francès. Els condemnats eren empresonats o havien de fer treballs forçats. Els calabossos estaven regulats, havent-hi espais separats per oficials, sots-oficials i tropa. També les condicions de vida dels arrestats estaven reglamentades.</p>



<p>Els presoners eren en primer lloc soldats de la guarnició. Però en temps de guerra també es va utilitzar per empresonar enemics, com va ser el cas de la Segona Guerra Carlina, en la que el 1848 hi va ser reclòs i afusellat el cabdill carlí Miquel Pujol.</p>



<p>Tot i que era bàsicament d’ús militar —ja que l’ajuntament disposava de la seva pròpia presó—, amb el temps l’exèrcit també va assumir funcions d’ordre públic i no es pot descartar que l’espai fos utilitzat per a civils.</p>



<p>A començaments del segle XX, la fortalesa disposava d’una guarnició tan reduïda que els ciutadans d’Hostalric van finançar la construcció de la caserna de la Guàrdia Civil, que va passar a fer-se càrrec de l’ordre públic.</p>



<p>De gran interès testimonial és el grafit a llapis que es conserva al brancal dret de la porta:</p>


<div class="wp-block-image">
<figure class="aligncenter size-full"><img decoding="async" width="291" height="330" src="https://www.turismehostalric.cat/wp-content/uploads/2025/12/image-18.jpeg" alt="" class="wp-image-6940" srcset="https://www.turismehostalric.cat/wp-content/uploads/2025/12/image-18.jpeg 291w, https://www.turismehostalric.cat/wp-content/uploads/2025/12/image-18-265x300.jpeg 265w" sizes="(max-width: 291px) 100vw, 291px" /></figure>
</div>

<p>Un dels càstigs per alguna falta a la disciplina militar era la reclusió. Aquest espai on us trobeu va ser durant dècades la presó de la fortalesa d’Hostalric. La reclusió era només una de les maneres de reprendre al soldat. Cap al 1800, els càstigs corporals eren comuns a molts exèrcits i ho van seguir sent durant el segle XIX. N’és una mostra el reglament disciplinari español: “P. El que en dicho parage roba el valor de 50 hasta 200 reales vellon? R. Sufrirá la pena de 10 años de presidio, y 6 carreras de Baquetas por 200 hombres.” (Prontuario, pàg.59) Les &#8220;carreres de baquetes&#8221; consistien en passar corrents entre dues fileres de soldats que, amb les baquetes del fusell, fuetejaven el condemnat. Els càstigs corporals no existien a l’exèrcit francès. Els condemnats eren empresonats o havien de fer treballs forçats. Els calabossos estaven regulats, havent-hi espais separats per oficials, sots-oficials i tropa. També les condicions de vida dels arrestats estaven reglamentades. Els presoners eren en primer lloc soldats de la guarnició. Però en temps de guerra també es va utilitzar per empresonar enemics, com va ser el cas de la Segona Guerra Carlina, en la que el 1848 hi va ser reclòs i afusellat el cabdill carlí Miquel Pujol. Tot i que era bàsicament d’ús militar —ja que l’ajuntament disposava de la seva pròpia presó—, amb el temps l’exèrcit també va assumir funcions d’ordre públic i no es pot descartar que l’espai fos utilitzat per a civils. A començaments del segle XX, la fortalesa disposava d’una guarnició tan reduïda que els ciutadans d’Hostalric van finançar la construcció de la caserna de la Guàrdia Civil, que va passar a fer-se càrrec de l’ordre públic. De gran interès testimonial és el grafit a llapis que es conserva al brancal dret de la porta:</p>
