{"id":488,"date":"2024-03-20T10:03:41","date_gmt":"2024-03-20T09:03:41","guid":{"rendered":"https:\/\/w.turismehostalric.cat\/?page_id=488"},"modified":"2025-10-26T11:40:27","modified_gmt":"2025-10-26T10:40:27","slug":"historia-i-evolucio","status":"publish","type":"page","link":"https:\/\/www.turismehostalric.cat\/ca\/la-muralla\/historia-i-evolucio\/","title":{"rendered":"Hist\u00f2ria i evoluci\u00f3"},"content":{"rendered":"\t\t<div data-elementor-type=\"wp-page\" data-elementor-id=\"488\" class=\"elementor elementor-488\" data-elementor-post-type=\"page\">\n\t\t\t\t<div class=\"elementor-element elementor-element-4a3edfa4 e-flex e-con-boxed wpr-particle-no wpr-jarallax-no wpr-parallax-no wpr-sticky-section-no wpr-equal-height-no e-con e-parent\" data-id=\"4a3edfa4\" data-element_type=\"container\">\n\t\t\t\t\t<div class=\"e-con-inner\">\n\t\t\t\t<div class=\"elementor-element elementor-element-2f7cee3d elementor-widget elementor-widget-text-editor\" data-id=\"2f7cee3d\" data-element_type=\"widget\" data-widget_type=\"text-editor.default\">\n\t\t\t\t<div class=\"elementor-widget-container\">\n\t\t\t\t\t\t\t\t\t<p><img fetchpriority=\"high\" decoding=\"async\" class=\"aligncenter wp-image-1208 size-full\" src=\"https:\/\/www.turismehostalric.cat\/wp-content\/uploads\/2024\/04\/04431-Turo-i-castell_Anys_Fons-Ramon-Reyero.jpg\" alt=\"\" width=\"700\" height=\"450\" srcset=\"https:\/\/www.turismehostalric.cat\/wp-content\/uploads\/2024\/04\/04431-Turo-i-castell_Anys_Fons-Ramon-Reyero.jpg 700w, https:\/\/www.turismehostalric.cat\/wp-content\/uploads\/2024\/04\/04431-Turo-i-castell_Anys_Fons-Ramon-Reyero-300x193.jpg 300w\" sizes=\"(max-width: 700px) 100vw, 700px\" \/><\/p><p>El nucli edificat d\u2019Hostalric s\u2019estructura en un empla\u00e7ament clarament estrat\u00e8gic: travessat pel cam\u00ed Ral\u00a0i en plena xarxa de camins catalans medievals. Aquesta situaci\u00f3 justifica el car\u00e0cter fortificat de la vila.\u00a0<strong>La finalitat principal de la muralla era convertir-se en un cintur\u00f3 defensiu que s\u2019estenia des del tur\u00f3 del castell fins a la riera en sentit longitudinal.<\/strong><\/p><p>Els inicis de la\u00a0<strong>muralla d\u2019Hostalric daten del s. XIV<\/strong>\u00a0, quan la poblaci\u00f3 ja disposava de diversos serveis (esgl\u00e9sia parroquial, notaria, escrivania, mercat setmanal&#8230;). La primera evid\u00e8ncia documental sobre les muralles d&#8217;Hostalric \u00e9s del 17 de gener de 1364 i es parla d\u2019obres i condicionament dels murs, per la qual cosa el seu origen \u00e9s anterior.<\/p><p>A finals del segle XIV, el vescomte Bernat IV, tot potenciant Hostalric com a capital de govern del\u00a0<strong>vescomtat de Cabrera<\/strong>, va ordenar tamb\u00e9 reformar i refor\u00e7ar les defenses de la vila amb les muralles i torres que, en part, encara avui dia formen part del nostre patrimoni monumental.<\/p><p>La introducci\u00f3 de la p\u00f3lvora en l\u2019art de la guerra a partir de la baixa edat mitjana va comportar la modernitzaci\u00f3 dels castells medievals o b\u00e9 la construcci\u00f3 de bell nou de fortaleses adaptades per fer front a aquesta nova modalitat.<\/p><p><img decoding=\"async\" class=\"aligncenter size-full wp-image-1212\" src=\"https:\/\/www.turismehostalric.cat\/wp-content\/uploads\/2024\/04\/040e6-Av.-Coronel-Estrada_anys60.jpg\" alt=\"\" width=\"700\" height=\"450\" srcset=\"https:\/\/www.turismehostalric.cat\/wp-content\/uploads\/2024\/04\/040e6-Av.-Coronel-Estrada_anys60.jpg 700w, https:\/\/www.turismehostalric.cat\/wp-content\/uploads\/2024\/04\/040e6-Av.-Coronel-Estrada_anys60-300x193.jpg 300w\" sizes=\"(max-width: 700px) 100vw, 700px\" \/><\/p><p>El\u00a0<a href=\"https:\/\/www.turismehostalric.cat\/el-castell\/historia\/\"><strong>castell d\u2019Hostalric<\/strong><\/a>\u00a0tamb\u00e9 es vei\u00e9 superat per aquesta nova tecnologia i, poc a poc, les seves estructures quedaren abandonades. No ser\u00e0 fins a la segona meitat del segle XVII quan es plantejaran les primeres obres de fortificaci\u00f3 de la fortalesa, enfocades clarament per fer front la pirobal\u00edstica. Aquestes reformes s\u2019aniran efectuant durant el segle XVIII i comportaren la desmilitaritzaci\u00f3 de la vila i la muralla i els seus edificis van evolucionar a cases residencials. No obstant, aquestes no reunien les condicions higi\u00e8niques i sanit\u00e0ries m\u00ednimes (no estaven concebudes com a tal) degut a les deixalles i les aig\u00fces residuals que s\u2019hi havia acumulat durant anys, fet que va donar lloc a malalties infeccioses.<\/p><p>El 1873 es va sol\u00b7licitar el primer perm\u00eds d\u2019edificaci\u00f3 de balcons, finestres i terrats. Aix\u00f2 permetia tenir un terrat o, en alguns casos, una galeria a l\u2019altura de la planta baixa i un local a sota, a peu de carretera, que anys despr\u00e9s es destinarien a obradors, tallers i garatges.<\/p><p><img decoding=\"async\" class=\"aligncenter size-full wp-image-1216\" src=\"https:\/\/www.turismehostalric.cat\/wp-content\/uploads\/2024\/04\/06956-Av-Coronel-Estrada_1900_Fons-Ramon-Reyero.jpg\" alt=\"\" width=\"700\" height=\"450\" srcset=\"https:\/\/www.turismehostalric.cat\/wp-content\/uploads\/2024\/04\/06956-Av-Coronel-Estrada_1900_Fons-Ramon-Reyero.jpg 700w, https:\/\/www.turismehostalric.cat\/wp-content\/uploads\/2024\/04\/06956-Av-Coronel-Estrada_1900_Fons-Ramon-Reyero-300x193.jpg 300w\" sizes=\"(max-width: 700px) 100vw, 700px\" \/><\/p><p>L\u2019\u00faltim perm\u00eds per construir un terrat es va atorgar l\u2019any 1943. La majoria d\u2019aquestes edificacions singulars, espai d\u2019oci de les fam\u00edlies i excel\u00b7lents miradors, van desapar\u00e8ixer el<strong> 2011 en la quarta intervenci\u00f3 portada a terme a la muralla<\/strong>.<\/p><p>En tot el\u00a0<strong>nucli antic<\/strong>\u00a0s\u2019hi conserven molt pocs elements arquitect\u00f2nics anteriors al segle XIX, ja que els francesos van arrasar quasi tota la vila el 1809. Al llarg del carrer Major encara s\u2019hi conserven les inscripcions militars de les antigues cases (1854): \u201ccapit\u00e1n\u201d, \u201ccoronel\u201d, \u201coficial\u201d o \u201cjefe\u201d. En aquestes cases s\u2019hi allotjaven temporalment els oficials de la guarnici\u00f3 de la fortalesa d\u2019Hostalric<\/p><p>Amb la voluntat d\u2019estructurar i uniformitzar la muralla es va iniciar un proc\u00e9s de transformaci\u00f3 que va portar a la seva reutilitzaci\u00f3 a \u201cparet utilit\u00e0ria\u201d: la muralla es convertiria en la fa\u00e7ana posterior de la l\u00ednia d\u2019edificacions del recinte. Aquest proc\u00e9s es va portar a terme entre finals dels 60 i principi dels 70 a c\u00e0rrec de l\u2019arquitecte Bassegoda.<\/p><p>Les primeres actuacions es centraven en la reparaci\u00f3 dels par\u00e0metres exteriors de la muralla (neteja, rejuntat dels murs de ma\u00e7oneria, reconstrucci\u00f3 dels brancals i arcs superiors de ma\u00f3 de les obertures de la muralla, despla\u00e7ament a un pla m\u00e9s endarrerit de baranes i fusteries de tancament, i el pintat d&#8217;aquestes \u00faltimes amb un to vermell\u00f3s) i la recuperaci\u00f3 i millora de l\u2019acc\u00e9s al\u00a0<strong>pas de ronda<\/strong>\u00a0que rec\u00f3rrer el coronament superior de la muralla (recollida i canalitzaci\u00f3 de les aig\u00fces pluvials,\u00a0<strong>adequaci\u00f3 pas itinerari tur\u00edstic<\/strong>\u00a0amb la compra d\u2019una casa en ru\u00efnes que permet la comunicaci\u00f3 f\u00edsica i visual entre el carrer Major, el cam\u00ed de ronda i l\u2019exterior de la muralla).<\/p>\t\t\t\t\t\t\t\t<\/div>\n\t\t\t\t<\/div>\n\t\t\t\t\t<\/div>\n\t\t\t\t<\/div>\n\t\t\t\t<\/div>\n\t\t","protected":false},"excerpt":{"rendered":"<p>El nucli edificat d\u2019Hostalric s\u2019estructura en un empla\u00e7ament clarament estrat\u00e8gic: travessat pel cam\u00ed Ral\u00a0i en plena xarxa de camins catalans medievals. Aquesta situaci\u00f3 justifica el car\u00e0cter fortificat de la vila.\u00a0La finalitat principal de la muralla era convertir-se en un cintur\u00f3 defensiu que s\u2019estenia des del tur\u00f3 del castell fins a la riera en sentit longitudinal. Els inicis de la\u00a0muralla d\u2019Hostalric daten del s. XIV\u00a0, quan la poblaci\u00f3 ja disposava de diversos serveis (esgl\u00e9sia parroquial, notaria, escrivania, mercat setmanal&#8230;). La primera evid\u00e8ncia documental sobre les muralles d&#8217;Hostalric \u00e9s del 17 de gener de 1364 i es parla d\u2019obres i condicionament dels murs, per la qual cosa el seu origen \u00e9s anterior. A finals del segle XIV, el vescomte Bernat IV, tot potenciant Hostalric com a capital de govern del\u00a0vescomtat de Cabrera, va ordenar tamb\u00e9 reformar i refor\u00e7ar les defenses de la vila amb les muralles i torres que, en part, encara avui dia formen part del nostre patrimoni monumental. La introducci\u00f3 de la p\u00f3lvora en l\u2019art de la guerra a partir de la baixa edat mitjana va comportar la modernitzaci\u00f3 dels castells medievals o b\u00e9 la construcci\u00f3 de bell nou de fortaleses adaptades per fer front a aquesta nova modalitat. El\u00a0castell d\u2019Hostalric\u00a0tamb\u00e9 es vei\u00e9 superat per aquesta nova tecnologia i, poc a poc, les seves estructures quedaren abandonades. No ser\u00e0 fins a la segona meitat del segle XVII quan es plantejaran les primeres obres de fortificaci\u00f3 de la fortalesa, enfocades clarament per fer front la pirobal\u00edstica. Aquestes reformes s\u2019aniran efectuant durant el segle XVIII i comportaren la desmilitaritzaci\u00f3 de la vila i la muralla i els seus edificis van evolucionar a cases residencials. No obstant, aquestes no reunien les condicions higi\u00e8niques i sanit\u00e0ries m\u00ednimes (no estaven concebudes com a tal) degut a les deixalles i les aig\u00fces residuals que s\u2019hi havia acumulat durant anys, fet que va donar lloc a malalties infeccioses. El 1873 es va sol\u00b7licitar el primer perm\u00eds d\u2019edificaci\u00f3 de balcons, finestres i terrats. Aix\u00f2 permetia tenir un terrat o, en alguns casos, una galeria a l\u2019altura de la planta baixa i un local a sota, a peu de carretera, que anys despr\u00e9s es destinarien a obradors, tallers i garatges. L\u2019\u00faltim perm\u00eds per construir un terrat es va atorgar l\u2019any 1943. La majoria d\u2019aquestes edificacions singulars, espai d\u2019oci de les fam\u00edlies i excel\u00b7lents miradors, van desapar\u00e8ixer el 2011 en la quarta intervenci\u00f3 portada a terme a la muralla. En tot el\u00a0nucli antic\u00a0s\u2019hi conserven molt pocs elements arquitect\u00f2nics anteriors al segle XIX, ja que els francesos van arrasar quasi tota la vila el 1809. Al llarg del carrer Major encara s\u2019hi conserven les inscripcions militars de les antigues cases (1854): \u201ccapit\u00e1n\u201d, \u201ccoronel\u201d, \u201coficial\u201d o \u201cjefe\u201d. En aquestes cases s\u2019hi allotjaven temporalment els oficials de la guarnici\u00f3 de la fortalesa d\u2019Hostalric Amb la voluntat d\u2019estructurar i uniformitzar la muralla es va iniciar un proc\u00e9s de transformaci\u00f3 que va portar a la seva reutilitzaci\u00f3 a \u201cparet utilit\u00e0ria\u201d: la muralla es convertiria en la fa\u00e7ana posterior de la l\u00ednia d\u2019edificacions del recinte. Aquest proc\u00e9s es va portar a terme entre finals dels 60 i principi dels 70 a c\u00e0rrec de l\u2019arquitecte Bassegoda. Les primeres actuacions es centraven en la reparaci\u00f3 dels par\u00e0metres exteriors de la muralla (neteja, rejuntat dels murs de ma\u00e7oneria, reconstrucci\u00f3 dels brancals i arcs superiors de ma\u00f3 de les obertures de la muralla, despla\u00e7ament a un pla m\u00e9s endarrerit de baranes i fusteries de tancament, i el pintat d&#8217;aquestes \u00faltimes amb un to vermell\u00f3s) i la recuperaci\u00f3 i millora de l\u2019acc\u00e9s al\u00a0pas de ronda\u00a0que rec\u00f3rrer el coronament superior de la muralla (recollida i canalitzaci\u00f3 de les aig\u00fces pluvials,\u00a0adequaci\u00f3 pas itinerari tur\u00edstic\u00a0amb la compra d\u2019una casa en ru\u00efnes que permet la comunicaci\u00f3 f\u00edsica i visual entre el carrer Major, el cam\u00ed de ronda i l\u2019exterior de la muralla).<\/p>\n","protected":false},"author":1,"featured_media":489,"parent":536,"menu_order":18,"comment_status":"closed","ping_status":"closed","template":"","meta":{"_acf_changed":false,"footnotes":""},"class_list":["post-488","page","type-page","status-publish","has-post-thumbnail"],"acf":[],"_links":{"self":[{"href":"https:\/\/www.turismehostalric.cat\/ca\/wp-json\/wp\/v2\/pages\/488","targetHints":{"allow":["GET"]}}],"collection":[{"href":"https:\/\/www.turismehostalric.cat\/ca\/wp-json\/wp\/v2\/pages"}],"about":[{"href":"https:\/\/www.turismehostalric.cat\/ca\/wp-json\/wp\/v2\/types\/page"}],"author":[{"embeddable":true,"href":"https:\/\/www.turismehostalric.cat\/ca\/wp-json\/wp\/v2\/users\/1"}],"replies":[{"embeddable":true,"href":"https:\/\/www.turismehostalric.cat\/ca\/wp-json\/wp\/v2\/comments?post=488"}],"version-history":[{"count":3,"href":"https:\/\/www.turismehostalric.cat\/ca\/wp-json\/wp\/v2\/pages\/488\/revisions"}],"predecessor-version":[{"id":6187,"href":"https:\/\/www.turismehostalric.cat\/ca\/wp-json\/wp\/v2\/pages\/488\/revisions\/6187"}],"up":[{"embeddable":true,"href":"https:\/\/www.turismehostalric.cat\/ca\/wp-json\/wp\/v2\/pages\/536"}],"wp:featuredmedia":[{"embeddable":true,"href":"https:\/\/www.turismehostalric.cat\/ca\/wp-json\/wp\/v2\/media\/489"}],"wp:attachment":[{"href":"https:\/\/www.turismehostalric.cat\/ca\/wp-json\/wp\/v2\/media?parent=488"}],"curies":[{"name":"wp","href":"https:\/\/api.w.org\/{rel}","templated":true}]}}

Història i evolució

<div data-elementor-type="wp-page" data-elementor-id="488" class="elementor elementor-488" data-elementor-post-type="page">
				<div class="elementor-element elementor-element-4a3edfa4 e-flex e-con-boxed wpr-particle-no wpr-jarallax-no wpr-parallax-no wpr-sticky-section-no wpr-equal-height-no e-con e-parent" data-id="4a3edfa4" data-element_type="container">
					<div class="e-con-inner">
				<div class="elementor-element elementor-element-2f7cee3d elementor-widget elementor-widget-text-editor" data-id="2f7cee3d" data-element_type="widget" data-widget_type="text-editor.default">
				<div class="elementor-widget-container">
									<p><img fetchpriority="high" decoding="async" class="aligncenter wp-image-1208 size-full" src="https://www.turismehostalric.cat/wp-content/uploads/2024/04/04431-Turo-i-castell_Anys_Fons-Ramon-Reyero.jpg" alt="" width="700" height="450" srcset="https://www.turismehostalric.cat/wp-content/uploads/2024/04/04431-Turo-i-castell_Anys_Fons-Ramon-Reyero.jpg 700w, https://www.turismehostalric.cat/wp-content/uploads/2024/04/04431-Turo-i-castell_Anys_Fons-Ramon-Reyero-300x193.jpg 300w" sizes="(max-width: 700px) 100vw, 700px" /></p><p>El nucli edificat d’Hostalric s’estructura en un emplaçament clarament estratègic: travessat pel camí Ral i en plena xarxa de camins catalans medievals. Aquesta situació justifica el caràcter fortificat de la vila. <strong>La finalitat principal de la muralla era convertir-se en un cinturó defensiu que s’estenia des del turó del castell fins a la riera en sentit longitudinal.</strong></p><p>Els inicis de la <strong>muralla d’Hostalric daten del s. XIV</strong> , quan la població ja disposava de diversos serveis (església parroquial, notaria, escrivania, mercat setmanal&#8230;). La primera evidència documental sobre les muralles d&#8217;Hostalric és del 17 de gener de 1364 i es parla d’obres i condicionament dels murs, per la qual cosa el seu origen és anterior.</p><p>A finals del segle XIV, el vescomte Bernat IV, tot potenciant Hostalric com a capital de govern del <strong>vescomtat de Cabrera</strong>, va ordenar també reformar i reforçar les defenses de la vila amb les muralles i torres que, en part, encara avui dia formen part del nostre patrimoni monumental.</p><p>La introducció de la pólvora en l’art de la guerra a partir de la baixa edat mitjana va comportar la modernització dels castells medievals o bé la construcció de bell nou de fortaleses adaptades per fer front a aquesta nova modalitat.</p><p><img decoding="async" class="aligncenter size-full wp-image-1212" src="https://www.turismehostalric.cat/wp-content/uploads/2024/04/040e6-Av.-Coronel-Estrada_anys60.jpg" alt="" width="700" height="450" srcset="https://www.turismehostalric.cat/wp-content/uploads/2024/04/040e6-Av.-Coronel-Estrada_anys60.jpg 700w, https://www.turismehostalric.cat/wp-content/uploads/2024/04/040e6-Av.-Coronel-Estrada_anys60-300x193.jpg 300w" sizes="(max-width: 700px) 100vw, 700px" /></p><p>El <a href="https://www.turismehostalric.cat/el-castell/historia/"><strong>castell d’Hostalric</strong></a> també es veié superat per aquesta nova tecnologia i, poc a poc, les seves estructures quedaren abandonades. No serà fins a la segona meitat del segle XVII quan es plantejaran les primeres obres de fortificació de la fortalesa, enfocades clarament per fer front la pirobalística. Aquestes reformes s’aniran efectuant durant el segle XVIII i comportaren la desmilitarització de la vila i la muralla i els seus edificis van evolucionar a cases residencials. No obstant, aquestes no reunien les condicions higièniques i sanitàries mínimes (no estaven concebudes com a tal) degut a les deixalles i les aigües residuals que s’hi havia acumulat durant anys, fet que va donar lloc a malalties infeccioses.</p><p>El 1873 es va sol·licitar el primer permís d’edificació de balcons, finestres i terrats. Això permetia tenir un terrat o, en alguns casos, una galeria a l’altura de la planta baixa i un local a sota, a peu de carretera, que anys després es destinarien a obradors, tallers i garatges.</p><p><img decoding="async" class="aligncenter size-full wp-image-1216" src="https://www.turismehostalric.cat/wp-content/uploads/2024/04/06956-Av-Coronel-Estrada_1900_Fons-Ramon-Reyero.jpg" alt="" width="700" height="450" srcset="https://www.turismehostalric.cat/wp-content/uploads/2024/04/06956-Av-Coronel-Estrada_1900_Fons-Ramon-Reyero.jpg 700w, https://www.turismehostalric.cat/wp-content/uploads/2024/04/06956-Av-Coronel-Estrada_1900_Fons-Ramon-Reyero-300x193.jpg 300w" sizes="(max-width: 700px) 100vw, 700px" /></p><p>L’últim permís per construir un terrat es va atorgar l’any 1943. La majoria d’aquestes edificacions singulars, espai d’oci de les famílies i excel·lents miradors, van desaparèixer el<strong> 2011 en la quarta intervenció portada a terme a la muralla</strong>.</p><p>En tot el <strong>nucli antic</strong> s’hi conserven molt pocs elements arquitectònics anteriors al segle XIX, ja que els francesos van arrasar quasi tota la vila el 1809. Al llarg del carrer Major encara s’hi conserven les inscripcions militars de les antigues cases (1854): “capitán”, “coronel”, “oficial” o “jefe”. En aquestes cases s’hi allotjaven temporalment els oficials de la guarnició de la fortalesa d’Hostalric</p><p>Amb la voluntat d’estructurar i uniformitzar la muralla es va iniciar un procés de transformació que va portar a la seva reutilització a “paret utilitària”: la muralla es convertiria en la façana posterior de la línia d’edificacions del recinte. Aquest procés es va portar a terme entre finals dels 60 i principi dels 70 a càrrec de l’arquitecte Bassegoda.</p><p>Les primeres actuacions es centraven en la reparació dels paràmetres exteriors de la muralla (neteja, rejuntat dels murs de maçoneria, reconstrucció dels brancals i arcs superiors de maó de les obertures de la muralla, desplaçament a un pla més endarrerit de baranes i fusteries de tancament, i el pintat d&#8217;aquestes últimes amb un to vermellós) i la recuperació i millora de l’accés al <strong>pas de ronda</strong> que recórrer el coronament superior de la muralla (recollida i canalització de les aigües pluvials, <strong>adequació pas itinerari turístic</strong> amb la compra d’una casa en ruïnes que permet la comunicació física i visual entre el carrer Major, el camí de ronda i l’exterior de la muralla).</p>								</div>
				</div>
					</div>
				</div>
				</div>

<p>El nucli edificat d’Hostalric s’estructura en un emplaçament clarament estratègic: travessat pel camí Ral i en plena xarxa de camins catalans medievals. Aquesta situació justifica el caràcter fortificat de la vila. La finalitat principal de la muralla era convertir-se en un cinturó defensiu que s’estenia des del turó del castell fins a la riera en sentit longitudinal. Els inicis de la muralla d’Hostalric daten del s. XIV , quan la població ja disposava de diversos serveis (església parroquial, notaria, escrivania, mercat setmanal&#8230;). La primera evidència documental sobre les muralles d&#8217;Hostalric és del 17 de gener de 1364 i es parla d’obres i condicionament dels murs, per la qual cosa el seu origen és anterior. A finals del segle XIV, el vescomte Bernat IV, tot potenciant Hostalric com a capital de govern del vescomtat de Cabrera, va ordenar també reformar i reforçar les defenses de la vila amb les muralles i torres que, en part, encara avui dia formen part del nostre patrimoni monumental. La introducció de la pólvora en l’art de la guerra a partir de la baixa edat mitjana va comportar la modernització dels castells medievals o bé la construcció de bell nou de fortaleses adaptades per fer front a aquesta nova modalitat. El castell d’Hostalric també es veié superat per aquesta nova tecnologia i, poc a poc, les seves estructures quedaren abandonades. No serà fins a la segona meitat del segle XVII quan es plantejaran les primeres obres de fortificació de la fortalesa, enfocades clarament per fer front la pirobalística. Aquestes reformes s’aniran efectuant durant el segle XVIII i comportaren la desmilitarització de la vila i la muralla i els seus edificis van evolucionar a cases residencials. No obstant, aquestes no reunien les condicions higièniques i sanitàries mínimes (no estaven concebudes com a tal) degut a les deixalles i les aigües residuals que s’hi havia acumulat durant anys, fet que va donar lloc a malalties infeccioses. El 1873 es va sol·licitar el primer permís d’edificació de balcons, finestres i terrats. Això permetia tenir un terrat o, en alguns casos, una galeria a l’altura de la planta baixa i un local a sota, a peu de carretera, que anys després es destinarien a obradors, tallers i garatges. L’últim permís per construir un terrat es va atorgar l’any 1943. La majoria d’aquestes edificacions singulars, espai d’oci de les famílies i excel·lents miradors, van desaparèixer el 2011 en la quarta intervenció portada a terme a la muralla. En tot el nucli antic s’hi conserven molt pocs elements arquitectònics anteriors al segle XIX, ja que els francesos van arrasar quasi tota la vila el 1809. Al llarg del carrer Major encara s’hi conserven les inscripcions militars de les antigues cases (1854): “capitán”, “coronel”, “oficial” o “jefe”. En aquestes cases s’hi allotjaven temporalment els oficials de la guarnició de la fortalesa d’Hostalric Amb la voluntat d’estructurar i uniformitzar la muralla es va iniciar un procés de transformació que va portar a la seva reutilització a “paret utilitària”: la muralla es convertiria en la façana posterior de la línia d’edificacions del recinte. Aquest procés es va portar a terme entre finals dels 60 i principi dels 70 a càrrec de l’arquitecte Bassegoda. Les primeres actuacions es centraven en la reparació dels paràmetres exteriors de la muralla (neteja, rejuntat dels murs de maçoneria, reconstrucció dels brancals i arcs superiors de maó de les obertures de la muralla, desplaçament a un pla més endarrerit de baranes i fusteries de tancament, i el pintat d&#8217;aquestes últimes amb un to vermellós) i la recuperació i millora de l’accés al pas de ronda que recórrer el coronament superior de la muralla (recollida i canalització de les aigües pluvials, adequació pas itinerari turístic amb la compra d’una casa en ruïnes que permet la comunicació física i visual entre el carrer Major, el camí de ronda i l’exterior de la muralla).</p>
