{"id":1028,"date":"2024-03-26T10:02:23","date_gmt":"2024-03-26T09:02:23","guid":{"rendered":"https:\/\/w.turismehostalric.cat?post_type=fires&#038;p=1028"},"modified":"2026-08-06T16:13:49","modified_gmt":"2026-08-06T14:13:49","slug":"fira-de-sant-miquel","status":"publish","type":"fires","link":"https:\/\/www.turismehostalric.cat\/ca\/fires\/fira-de-sant-miquel\/","title":{"rendered":"Festes de Sant Miquel"},"content":{"rendered":"\t\t<div data-elementor-type=\"wp-post\" data-elementor-id=\"1028\" class=\"elementor elementor-1028\" data-elementor-post-type=\"fires\">\n\t\t\t\t<div class=\"elementor-element elementor-element-a6043fa e-flex e-con-boxed wpr-particle-no wpr-jarallax-no wpr-parallax-no wpr-sticky-section-no wpr-column-slider-no wpr-equal-height-no e-con e-parent\" data-id=\"a6043fa\" data-element_type=\"container\" data-e-type=\"container\">\n\t\t\t\t\t<div class=\"e-con-inner\">\n\t\t\t\t<div class=\"elementor-element elementor-element-2a38311 elementor-widget elementor-widget-text-editor\" data-id=\"2a38311\" data-element_type=\"widget\" data-e-type=\"widget\" data-widget_type=\"text-editor.default\">\n\t\t\t\t<div class=\"elementor-widget-container\">\n\t\t\t\t\t\t\t\t\t<p>Les Festes de Sant Miquel s\u2019han consolidat com una de les celebracions m\u00e9s emblem\u00e0tiques i populars de la vila, amb una proposta centrada en la recuperaci\u00f3 de la mem\u00f2ria hist\u00f2rica i la promoci\u00f3 de la cultura popular.<\/p>\n<p>Actualment se celebren el darrer cap de setmana de setembre,&nbsp;amb la participaci\u00f3 activa de les entitats del municipi, que tenen un paper protagonista en l\u2019organitzaci\u00f3 d\u2019una bona part de les activitats.<\/p>\n<p>La programaci\u00f3 inclou un ampli ventall de propostes per a tots els p\u00fablics, com ara recreacions hist\u00f2riques, espectacles, exposicions, visites guiades, representacions teatrals i un mercat d\u2019alimentaci\u00f3 i artesania.<\/p>\n<p>Una experi\u00e8ncia que uneix hist\u00f2ria, tradici\u00f3 i la vitalitat del teixit associatiu local.<\/p>\n<p><strong>Edici\u00f3 2026: del 25 al 28 de setembre! &#8211; Mercat: 26 i 27 de setembre.<\/strong><\/p>\n<p><b>Properament m\u00e9s informaci\u00f3.<\/b><\/p>\t\t\t\t\t\t\t\t<\/div>\n\t\t\t\t<\/div>\n\t\t\t\t\t<\/div>\n\t\t\t\t<\/div>\n\t\t\t\t<\/div>\n\t\t","protected":false},"featured_media":8018,"template":"","class_list":["post-1028","fires","type-fires","status-publish","has-post-thumbnail","hentry"],"acf":[],"_links":{"self":[{"href":"https:\/\/www.turismehostalric.cat\/ca\/wp-json\/wp\/v2\/fires\/1028","targetHints":{"allow":["GET"]}}],"collection":[{"href":"https:\/\/www.turismehostalric.cat\/ca\/wp-json\/wp\/v2\/fires"}],"about":[{"href":"https:\/\/www.turismehostalric.cat\/ca\/wp-json\/wp\/v2\/types\/fires"}],"version-history":[{"count":27,"href":"https:\/\/www.turismehostalric.cat\/ca\/wp-json\/wp\/v2\/fires\/1028\/revisions"}],"predecessor-version":[{"id":8044,"href":"https:\/\/www.turismehostalric.cat\/ca\/wp-json\/wp\/v2\/fires\/1028\/revisions\/8044"}],"wp:featuredmedia":[{"embeddable":true,"href":"https:\/\/www.turismehostalric.cat\/ca\/wp-json\/wp\/v2\/media\/8018"}],"wp:attachment":[{"href":"https:\/\/www.turismehostalric.cat\/ca\/wp-json\/wp\/v2\/media?parent=1028"}],"curies":[{"name":"wp","href":"https:\/\/api.w.org\/{rel}","templated":true}]}}

<div data-elementor-type="wp-post" data-elementor-id="1028" class="elementor elementor-1028" data-elementor-post-type="fires">
				<div class="elementor-element elementor-element-a6043fa e-flex e-con-boxed wpr-particle-no wpr-jarallax-no wpr-parallax-no wpr-sticky-section-no wpr-column-slider-no wpr-equal-height-no e-con e-parent" data-id="a6043fa" data-element_type="container" data-e-type="container">
					<div class="e-con-inner">
				<div class="elementor-element elementor-element-2a38311 elementor-widget elementor-widget-text-editor" data-id="2a38311" data-element_type="widget" data-e-type="widget" data-widget_type="text-editor.default">
				<div class="elementor-widget-container">
									<p>Les Festes de Sant Miquel s’han consolidat com una de les celebracions més emblemàtiques i populars de la vila, amb una proposta centrada en la recuperació de la memòria històrica i la promoció de la cultura popular.</p>
<p>Actualment se celebren el darrer cap de setmana de setembre,&nbsp;amb la participació activa de les entitats del municipi, que tenen un paper protagonista en l’organització d’una bona part de les activitats.</p>
<p>La programació inclou un ampli ventall de propostes per a tots els públics, com ara recreacions històriques, espectacles, exposicions, visites guiades, representacions teatrals i un mercat d’alimentació i artesania.</p>
<p>Una experiència que uneix història, tradició i la vitalitat del teixit associatiu local.</p>
<p><strong>Edició 2026: del 25 al 28 de setembre! &#8211; Mercat: 26 i 27 de setembre.</strong></p>
<p><b>Properament més informació.</b></p>								</div>
				</div>
					</div>
				</div>
				</div>
